{"id":66,"date":"2019-03-03T15:19:13","date_gmt":"2019-03-03T14:19:13","guid":{"rendered":"http:\/\/touchelibre.fr\/?page_id=66"},"modified":"2021-02-07T11:32:04","modified_gmt":"2021-02-07T10:32:04","slug":"sources","status":"publish","type":"page","link":"https:\/\/touchelibre.fr\/index.php\/sources\/","title":{"rendered":"Les Sources"},"content":{"rendered":"\r\n<h2><strong><span style=\"color: #ff6600;\">Espace GitLab<\/span><\/strong><\/h2>\r\n<p><a href=\"https:\/\/gitlab.com\/touchelibre\"><img loading=\"lazy\" class=\"aligncenter size-full wp-image-122\" src=\"http:\/\/touchelibre.fr\/wp-content\/uploads\/2019\/03\/GitLab_plus_ToucheLibre-e1552735962120.png\" alt=\"\" width=\"2000\" height=\"414\" \/><\/a><\/p>\r\n<p>Un espace GitLab est utilis\u00e9 pour partager les sources du projet.<\/p>\r\n<p>&nbsp;<\/p>\r\n<hr \/>\r\n<h2><strong><span style=\"color: #ff6600;\">Les Outils<\/span><\/strong><\/h2>\r\n<h2><img loading=\"lazy\" class=\"aligncenter size-full wp-image-163\" src=\"http:\/\/touchelibre.fr\/wp-content\/uploads\/2019\/03\/outils_fabric.png\" alt=\"\" width=\"4000\" height=\"1000\" srcset=\"https:\/\/touchelibre.fr\/wp-content\/uploads\/2019\/03\/outils_fabric.png 4000w, https:\/\/touchelibre.fr\/wp-content\/uploads\/2019\/03\/outils_fabric-300x75.png 300w, https:\/\/touchelibre.fr\/wp-content\/uploads\/2019\/03\/outils_fabric-768x192.png 768w, https:\/\/touchelibre.fr\/wp-content\/uploads\/2019\/03\/outils_fabric-1024x256.png 1024w\" sizes=\"(max-width: 767px) 89vw, (max-width: 1000px) 54vw, (max-width: 1071px) 543px, 580px\" \/><\/h2>\r\n<h3><em>Les Outils pour les Sources<\/em><\/h3>\r\n<p>Pour utiliser les sources, il est indispensable de t\u00e9l\u00e9charger les logiciels suivants.<\/p>\r\n<p><strong>Pour la Documentation Syst\u00e8me :<\/strong><\/p>\r\n<ul>\r\n<li>Le wiki de GitLab, connaissance du langage markdown . \u2192 <a href=\"https:\/\/daringfireball.net\/projects\/markdown\/\">https:\/\/daringfireball.net\/projects\/markdown\/<\/a><\/li>\r\n<li>Calc (LibreOffice), pour la d\u00e9finition de la disposition et l\u2019analyse fr\u00e9quentielle.<\/li>\r\n<li>Impress (LibreOffice), pour les pr\u00e9sentations orales.<\/li>\r\n<li>\u00a0Draw (LibreOffice) et Gimp, pour la d\u00e9finition du logo ToucheLibre. \u2192 <a href=\"https:\/\/www.gimp.org\/downloads\/\">https:\/\/www.gimp.org\/downloads\/<\/a><\/li>\r\n<li>\u00a0Writer (LibreOffice), pour les besoins documentaires et administratifs.<\/li>\r\n<\/ul>\r\n<p>&nbsp;<\/p>\r\n<p><strong>Pour la M\u00e9canique :<\/strong><\/p>\r\n<ul>\r\n<li>\u00a0FreeCAD, utilisation principale pour les plans 3D. \u2192 <a href=\"https:\/\/www.freecadweb.org\/downloads.php\">https:\/\/www.freecadweb.org\/downloads.php<\/a><\/li>\r\n<li>\u00a0Inkscape, pour modifier les fichiers d\u2019exportation vers la d\u00e9coupeuse laser. \u2192 <a href=\"https:\/\/inkscape.org\/release\/inkscape-0.92.4\/\">https:\/\/inkscape.org\/release\/inkscape-0.92.4\/<\/a><\/li>\r\n<li>\u00a0LibreCAD, peut \u00eatre utile de temps en temps pour bidouiller les plans 2D. Mais il est pas tr\u00e8s pratique. \u2192<a href=\"https:\/\/librecad.org\/#download\"> https:\/\/librecad.org\/#download<\/a><\/li>\r\n<\/ul>\r\n<p>&nbsp;<\/p>\r\n<p><strong>Pour l\u2019\u00c9lectronique :<\/strong><\/p>\r\n<ul>\r\n<li>\u00a0KiCAD, utilisation principale pour les sch\u00e9mas et le routage. \u2192 <a href=\"http:\/\/kicad-pcb.org\/download\/\">http:\/\/kicad-pcb.org\/download\/<\/a><\/li>\r\n<li>\u00a0LTspice, si besoin de simulation basse fr\u00e9quence. (\u00e7a pourrait changer car non libre et pas dispo sur GNU\/Linux) \u2192<a href=\"https:\/\/www.analog.com\/en\/design-center\/design-tools-and-calculators\/ltspice-simulator.html\"> https:\/\/www.analog.com\/en\/design-center\/design-tools-and-calculators\/ltspice-simulator.html<\/a><\/li>\r\n<li>\u00a0QUCS, si besoin de simulation radio fr\u00e9quence. \u2192 <a href=\"http:\/\/qucs.sourceforge.net\/download.html\">http:\/\/qucs.sourceforge.net\/download.html<\/a><\/li>\r\n<li>\u00a0Smath, \u00e9ventuellement pour faire les dossiers de calcul. (Sources non disponibles, donc logiciel \u00e0 surveiller) \u2192 <a href=\"https:\/\/en.smath.com\/view\/SMathStudio\/summary\">https:\/\/en.smath.com\/view\/SMathStudio\/summary<\/a><\/li>\r\n<li>\u00a0Calc (LibreOffice), \u00e9ventuellement pour faire les dossiers de calcul. \u2192 <a href=\"https:\/\/fr.libreoffice.org\/download\/libreoffice-fresh\/\">https:\/\/fr.libreoffice.org\/download\/libreoffice-fresh\/<\/a><\/li>\r\n<\/ul>\r\n<p>&nbsp;<\/p>\r\n<p><strong>Pour la Programmation :<\/strong><\/p>\r\n<ul>\r\n<li>\u00c0 priori, tous les \u00e9diteurs de texte sont valables. Choisissez votre pr\u00e9f\u00e9r\u00e9.<\/li>\r\n<li>Arduino et son IDE sont probablement incontournables pour le d\u00e9veloppement. \u2192\u00a0<a href=\"https:\/\/www.arduino.cc\/en\/Main\/Software\">https:\/\/www.arduino.cc\/en\/Main\/Software<\/a><\/li>\r\n<li>Phyton et son IDE sont probablement incontournables pour le d\u00e9veloppement. \u2192\u00a0<a href=\"https:\/\/www.python.org\/downloads\/\">https:\/\/www.python.org\/downloads\/<\/a><\/li>\r\n<\/ul>\r\n<p>&nbsp;<\/p>\r\n<h3><em>Les Outils pour la Fabrication<\/em><\/h3>\r\n<p>Il conviendra de choisir des outils accessibles au public (bricolage) et dans tout bon FabLab.<\/p>\r\n<p><strong>Pour fabriquer la m\u00e9canique :<\/strong><\/p>\r\n<ul>\r\n<li>\u00a0D\u00e9coupe laser, le principal outils aujourd\u2019hui.<\/li>\r\n<li>\u00a0Fraiseuse num\u00e9rique, il y a des choses \u00e0 exp\u00e9rimenter\u2026<\/li>\r\n<li>Imprimante 3D, \u00e0 \u00e9viter autant que possible \u00e9tant donner les choix du bois pour des raisons \u00e9cologiques et esth\u00e9tiques. Mais il n\u2019est pas exclue d\u2019en avoir besoin pour certaines parties.<\/li>\r\n<li>Tout pour le travail du bois. Pr\u00e9ciser dans le manuel de fabrication.<\/li>\r\n<\/ul>\r\n<p>&nbsp;<\/p>\r\n<p><strong>Pour fabriquer l\u2019\u00e9lectronique :<\/strong><\/p>\r\n<ul>\r\n<li>On fera faire les circuits imprim\u00e9s par des soci\u00e9t\u00e9s sp\u00e9cialis\u00e9s.<\/li>\r\n<li>La soudure des cartes sera faite \u00e0 la main : fer \u00e0 souder, divers outils \u00e0 main.<\/li>\r\n<li>En cas de probl\u00e8me il est recommander d\u2019avoir au moins :\u00a0 multim\u00e8tre, alim, fer \u00e0 souder, divers outils \u00e0 main.<\/li>\r\n<\/ul>\r\n","protected":false},"excerpt":{"rendered":"<p>Espace GitLab Un espace GitLab est utilis\u00e9 pour partager les sources du projet. &nbsp; Les Outils Les Outils pour les Sources Pour utiliser les sources, il est indispensable de t\u00e9l\u00e9charger les logiciels suivants. Pour la Documentation Syst\u00e8me : Le wiki de GitLab, connaissance du langage markdown . \u2192 https:\/\/daringfireball.net\/projects\/markdown\/ Calc (LibreOffice), pour la d\u00e9finition de &hellip; <\/p>\n<p class=\"link-more\"><a href=\"https:\/\/touchelibre.fr\/index.php\/sources\/\" class=\"more-link\">Continuer la lecture<span class=\"screen-reader-text\"> de &laquo;&nbsp;Les Sources&nbsp;&raquo;<\/span><\/a><\/p>\n","protected":false},"author":1,"featured_media":0,"parent":0,"menu_order":0,"comment_status":"closed","ping_status":"closed","template":"","meta":[],"_links":{"self":[{"href":"https:\/\/touchelibre.fr\/index.php\/wp-json\/wp\/v2\/pages\/66"}],"collection":[{"href":"https:\/\/touchelibre.fr\/index.php\/wp-json\/wp\/v2\/pages"}],"about":[{"href":"https:\/\/touchelibre.fr\/index.php\/wp-json\/wp\/v2\/types\/page"}],"author":[{"embeddable":true,"href":"https:\/\/touchelibre.fr\/index.php\/wp-json\/wp\/v2\/users\/1"}],"replies":[{"embeddable":true,"href":"https:\/\/touchelibre.fr\/index.php\/wp-json\/wp\/v2\/comments?post=66"}],"version-history":[{"count":16,"href":"https:\/\/touchelibre.fr\/index.php\/wp-json\/wp\/v2\/pages\/66\/revisions"}],"predecessor-version":[{"id":503,"href":"https:\/\/touchelibre.fr\/index.php\/wp-json\/wp\/v2\/pages\/66\/revisions\/503"}],"wp:attachment":[{"href":"https:\/\/touchelibre.fr\/index.php\/wp-json\/wp\/v2\/media?parent=66"}],"curies":[{"name":"wp","href":"https:\/\/api.w.org\/{rel}","templated":true}]}}